 digit of g?
6
Suppose -8*s + 4*s = 28. Let l = s + 12. Suppose z = y - 1, 5*z - 10 + l = 3*y. What is the units digit of z?
4
Suppose -i = 4*i + 5. Let m = 4 + 0. Let f = i + m. What is the units digit of f?
3
Let v = -9 - -18. Suppose -v*g + 6*g = -3. What is the units digit of g?
1
Suppose 0 = y - 2*y + 5. Let v = y - 15. Let b = 17 + v. What is the units digit of b?
7
Suppose 2*s - 15 = -5*c, -4*c = -2*s - s + 11. Suppose 3*f - 4 - 4 = x, s*f + 2*x = 17. Suppose f*l - l = 26. What is the units digit of l?
3
Let f be (2/(-5))/(1/(-175)). What is the units digit of 8/(-12) - f/(-6)?
1
Let l(z) = -z**2 - 2*z + 12. Let v be l(-5). Let x = 17 - v. What is the units digit of x?
0
Suppose -1 = -2*w + 31. Suppose p - 1 = -w. What is the tens digit of -1 - p - (4 - 4)?
1
Suppose 2*z - 4 = 3*z, 0 = -5*v - z + 31. Suppose -4*k - 40 = -4*d, 2*d - v - 16 = 5*k. What is the units digit of d?
9
Let a(f) = -9*f - 7. What is the units digit of a(-4)?
9
Let m be 3/(-6) - (-73)/2. Let a = m - 21. What is the units digit of a?
5
Let k(h) = 10*h - 19. What is the tens digit of k(15)?
3
Let u(b) = b**2 + b + 1. Let g be u(0). Suppose 3 = -r - g. What is the units digit of (-6 - -4) + (-1 - r)?
1
Suppose 0 = -4*y - 2*f + 58, 0 = y - 3*y + 5*f + 23. What is the units digit of y?
4
Let m(j) = j - 6. Let p(n) = -2*n**2 + 5*n - 1. Let r be p(4). Let x = r - -21. What is the units digit of m(x)?
2
Let z be 2/(-3) - (-66)/18. Let q(p) = p**2 + 2*p + 3. What is the units digit of q(z)?
8
Suppose -h - 5 = -36. Suppose 0*i - 18 = -4*i - 5*o, 5*o + 24 = 2*i. Suppose -2*v - i = -h. What is the units digit of v?
2
What is the tens digit of (56 + (-2 - 0))*56/42?
7
Let s(b) = -b**3 + 5*b**2 + 9*b - 7. Let l be s(6). Let x = l - 6. What is the units digit of x?
5
Suppose -3*q - 369 = -1125. What is the tens digit of q?
5
Let d(z) be the first derivative of z**3/3 - 7*z**2/2 + 3*z + 1. Let o be d(7). Suppose o - 11 = -4*n. What is the units digit of n?
2
Let z = -14 - -20. Suppose 2*k + 4*i + 8 = 0, 53 = -z*k + k + i. What is the units digit of ((-18)/(-4))/((-5)/k)?
9
Suppose l + 11 = -5*d, -3*d + 35 = 5*l - 8*d. Let h(q) = -q - 3. Let z be h(-6). Suppose -5*i - l = -z*s, 4*s + 0*i - 28 = i. What is the units digit of s?
8
Suppose 16 = -2*p - 24. What is the tens digit of -1 - (-1 + 0 + p)?
2
Suppose 4*q = 2*y + 10, -3*q + 6*q + 3*y = 3. Suppose -q*n + 63 = 5*x, 4*x + 4*n - 76 = -16. What is the tens digit of x?
1
Let h(v) = -7*v**3 + v**2 + v. Let w be h(-1). Let t = 17 - w. Let s = 4 + t. What is the tens digit of s?
1
Suppose -1 = 2*n - 43. What is the units digit of (n/(-3) - -1)*-2?
2
Suppose 4 = -o + 2. Let z(q) = -q**3 - q**2 + 2. What is the units digit of z(o)?
6
What is the units digit of (4 - 7/2)*54?
7
What is the units digit of 7*(18/35)/((-7)/(-175))?
0
Let p = -14 + 22. Let f be (-36)/p*4/(-6). Suppose f*o - 1 = 2. What is the units digit of o?
1
Suppose 5*p + 3*i + 67 = 0, 0 = -4*p + p - 4*i - 38. What is the units digit of 2 + (5 - 2 - p)?
9
Let y(k) = -8*k**3 - 12*k**2 - 12*k. Let l(u) = -7*u**3 - 11*u**2 - 11*u. Let h(c) = 7*l(c) - 6*y(c). What is the units digit of h(-4)?
4
Let p = -20 - -32. Let z = p - 7. Suppose -z*h = n + 2*n + 19, 0 = 5*n + 2*h. What is the units digit of n?
2
What is the tens digit of (2 - 12)/(4/(-6))?
1
Let a be 2/(-5) - (-26)/65. Let b(p) = -p**3 + 2 + 0*p**3 - p + 12. What is the tens digit of b(a)?
1
What is the units digit of (34 - -1)*(8/10)/2?
4
Let d = -8 - -8. Suppose -4*k + 14 - 2 = d. Suppose 0 = i - p - 7, 2*i + 0*i - 11 = k*p. What is the tens digit of i?
1
Let j(x) = 7*x**3 - 14*x**2 + 7*x - 7. Let z(f) = f**3 - f**2 - 1. Let v(t) = -j(t) + 6*z(t). What is the units digit of v(7)?
1
Let x(i) = 6*i. Let o be x(-3). Let f = 27 + o. What is the units digit of f?
9
Let b be ((-3)/2)/(7/378). Let r = -55 - b. What is the units digit of r?
6
Let f(c) = 2*c**2 + 2*c - 2. Let j be f(-2). Suppose -3*s = j*s. What is the units digit of -7*(-1 + s) + -2?
5
Let o = 69 - 13. Let s = o + -28. What is the tens digit of s?
2
Let w(b) = 6*b - 2. What is the units digit of w(10)?
8
Let a(d) = -d + 2. Let q = 0 - 2. What is the units digit of a(q)?
4
Suppose -16 + 1 = 3*q. Let o = 4 - q. What is the units digit of o?
9
Let f be (-26)/(-8) + 2/(-8). Suppose 6 = -f*w, 2*o - 3*w - 38 = 2*w. What is the units digit of o?
4
Let u(k) = 2*k. Let o be u(-1). Let f = -5 - -11. Let q = f - o. What is the units digit of q?
8
Let m be 3/3*8/2. Suppose m*o = 0, -p + 2 + 3 = 5*o. What is the units digit of p?
5
Let u be ((-12)/(-8))/((-6)/(-40)). Let s(a) = -a**2 + 1. Let p be s(-1). Let m = p + u. What is the units digit of m?
0
Suppose c + 5*u = -c + 504, -c = -5*u - 237. What is the tens digit of c?
4
Let w(k) = -k**2 - 4*k. Let y be w(-5). Let n = 8 + y. Suppose -n*t - 20 = -7*t. What is the units digit of t?
5
Let g be 4/14 + (-162)/(-21). Let y = 11 - g. Suppose -y*s = -5*m - 8, 2*m - 4*m = -2*s + 12. What is the tens digit of s?
1
Suppose u - 2*u = -4. Let q(c) = 2*c - 3. Let b be q(u). Suppose 5*t + f + 5 = 15, -25 = -b*t + 2*f. What is the units digit of t?
3
Suppose 0*p = -5*p. Suppose -4 = -p*n - 4*n, -5*j + 4*n + 81 = 0. What is the tens digit of j?
1
Let d(w) = -w**3 - w**2 + w - 1. Let a(l) = -5*l**3 - 12*l**2 + 9*l - 8. Let h(x) = -a(x) + 6*d(x). What is the units digit of h(5)?
2
Let g = 0 - -2. Let q be 11*g/4*2. Let c(k) = k**2 - 10*k - 1. What is the units digit of c(q)?
0
What is the tens digit of 124/3 + 1/(-3)?
4
Let j be (0 + -3 + 2)*-3. Let l = 10 - j. Suppose l*g = 2*g + 20. What is the units digit of g?
4
Let w(x) = -3*x**2 + x + 2. Let b be w(2). Let i = -14 - b. Let o(c) = c**3 + 7*c**2 + 6*c + 6. What is the units digit of o(i)?
6
Let l = -3 + 7. Let o = l + -2. What is the units digit of o?
2
Let k = 9 - 1. Suppose k = -5*s + 73. What is the tens digit of s?
1
Let g = -2 - 1. Let p = 3 + g. Let a = 10 + p. What is the tens digit of a?
1
Let r be 6 - 3 - (3 + -3). Suppose -4*y = -d + 11, 3*d - 3*y - 19 = 2*y. Suppose 4*u + d*i - 23 = -u, -r = -u + i. What is the units digit of u?
4
Suppose 3*x + 2*z = 135, 6*x - 4*z = 2*x + 200. What is the units digit of x?
7
Suppose -3*c - 4*n + 2*n + 16 = 0, n = 2*c - 20. Suppose -3*h = -c - 4. Suppose -4*v + 30 = -s, -2*v - h*s - 1 = -7. What is the units digit of v?
7
Let i be (-7 + -1)/((-20)/10). Suppose 166 = 5*b + 6*w - 3*w, -i*b - 3*w = -134. What is the units digit of b?
2
Suppose -3*n = -g - 0*n + 22, 4*n + 121 = 5*g. Suppose -o + 9 + g = 0. What is the units digit of o?
4
Suppose 2*t - 4*t - 26 = 2*c, 5 = -c - 3*t. Let j = 30 + c. What is the units digit of j?
3
Let u = -8 - -11. Suppose -4*w = 4*t - 96, 5*t - 10 + 66 = u*w. What is the tens digit of w?
2
Let h = -6 - 0. Let b be (h/(-5))/((-2)/(-5)). Suppose 3*d = b*t - 9, -25 = -6*t + t. What is the units digit of d?
2
Let f(b) = b**3 + 7*b**2 - 9*b + 1. Let s be f(-8). Let z = -1 + 1. Suppose -2*p + 1 + s = z. What is the units digit of p?
5
Suppose 6*z - 3*z - 104 = -d, 2*z = -2. What is the units digit of d?
7
Suppose 5*v = 20 - 0. Suppose 0 = n - v*n + 15. What is the units digit of n?
5
Let v = 3 + -1. Suppose -12 = -v*r - 2*r. What is the units digit of r?
3
Suppose -7 = -3*a + 11. Suppose -6*b + a = -4*b. What is the units digit of b?
3
Suppose -4*i = -620 - 240. What is the hundreds digit of i?
2
Let w = 3 - -31. What is the tens digit of w?
3
Suppose 2*c = -k - 1, 3*k - 3*c = 19 + 23. What is the units digit of k?
9
Suppose 3*k + 10 = 2*k. Let p = k + 17. What is the units digit of p?
7
Let n = 19 + 0. What is the units digit of n?
9
Let r be 24/(-16)*(-4)/3. Suppose -r + 8 = n. Suppose 0*l = 2*l - n. What is the units digit of l?
3
Let j(g) = -g**3 + 10*g**2 + 2*g - 13. Let s = 25 - 15. What is the units digit of j(s)?
7
Suppose 0 = -a + 2*n + 50 - 21, -2*a - 5*n + 31 = 0. What is the units digit of a?
3
Suppose m - 6*m = -25. Let o(z) = 0*z**2 - 5*z**2 - 2 + 6*z + 4*z**2. What is the units digit of o(m)?
3
Let f(p) = -p**3 + 2*p**2 + 3*p - 3. Let o be f(2). Suppose -h = 3*h + 2*j - 36, 0 = -o*h + 5*j + 1. What is the units digit of h?
7
Let y(w) = -w + 2. Let k be y(-3). Let n = k + -3. What is the units digit of n?
2
What is the units digit of (42/(-18))/((-2)/6)?
7
Let z(v) = -1 + 1 - 4*v. Suppose 3*o = -7 